{"id":681,"date":"2026-04-02T15:44:31","date_gmt":"2026-04-02T13:44:31","guid":{"rendered":"https:\/\/sportellounicoservizi.it\/ceccano\/sue\/?page_id=681"},"modified":"2026-04-03T12:34:54","modified_gmt":"2026-04-03T10:34:54","slug":"gestione-domande-ambiente-pai","status":"publish","type":"page","link":"https:\/\/sportellounicoservizi.it\/ceccano\/sue\/?page_id=681","title":{"rendered":"Gestione domande Ambiente-PAI"},"content":{"rendered":"<div>\n<div><form class=\"italsoft-form\" method=\"GET\" id=\"praMod\" action=\"https&colon;&sol;&sol;sportellounicoservizi&period;it&sol;ceccano&sol;sue&sol;\"><div class=\"\"><input type=\"hidden\" id=\"page&lowbar;id\" name=\"page&lowbar;id\" value=\"681\" class=\"italsoft-input\"\/><\/div>\n<div><input type=\"hidden\" name=\"event\" id=\"event\" value=\"startSearch\" class=\"ita-hidden\"\/><\/div>\n<div class=\"italsoft-input-field\"><label for=\"ricerca-modelli\">Ricerca procedimenti<\/label><input type=\"text\" name=\"desc\" id=\"ricerca-modelli\" maxlength=\"100\" size=\"40\" class=\"italsoft-input\"\/><\/div>\n<button class=\"italsoft-button\" type=\"submit\">Cerca<\/button>\n<br \/>\n<\/form>\n<ul class=\"italsoft-treeview italsoft-treeview--accordion\"><li class=\"italsoft-treeview-item\"><div><div class=\"italsoft-treeview-text italsoft-treeview-text--selectable\" style=\"padding-right&colon; 5em&semi;\">SETTORE AMBIENTE<\/div><span class=\"italsoft-treeview-button-group\"><span class=\"italsoft-treeview-button italsoft-treeview-button--expand\"><\/span><\/span><\/div><ul style=\"display&colon; none&semi;\"><li class=\"italsoft-treeview-item\"><div><div class=\"italsoft-treeview-text italsoft-treeview-text--selectable\" style=\"padding-right&colon; 5em&semi;\">AMBIENTE<\/div><span class=\"italsoft-treeview-button-group\"><span class=\"italsoft-treeview-button italsoft-treeview-button--expand\"><\/span><\/span><\/div><ul style=\"display&colon; none&semi;\"><li class=\"italsoft-treeview-item\"><div><a href=\"https&colon;&sol;&sol;sportellounicoservizi&period;it&sol;ceccano&sol;sue&sol;&quest;page&lowbar;id&equals;41&amp;procedi&equals;700011&amp;subproc&equals;000006&amp;subprocid&equals;1578&amp;rnd&equals;\" class=\"italsoft-treeview-text italsoft-treeview-text--selectable\" style=\"padding-right&colon; 9em&semi;\">Richiesta autorizzazione scarico ai sensi del D.lgs 03\/04\/2006 n.152 L.R. 14\/b del 06\/08\/1999<\/a><span class=\"italsoft-treeview-button-group\"><a class=\"italsoft-treeview-button\" href=\"https&colon;&sol;&sol;sportellounicoservizi&period;it&sol;ceccano&sol;sue&sol;&quest;page&lowbar;id&equals;681&amp;event&equals;vediAllegato&amp;procedi&equals;700011&amp;allegato&equals;4IGcZFDOuqzXae-q0LgINcN0LtFWH5m&lowbar;U075eqsM&lowbar;dcjACPcmbjcM0xu097JVC9eayiYJsDEvHvufoMyKFWvvw&amp;sportello&equals;7\" title=\"Vedi allegato\" target=\"&lowbar;blank\"><img class=\"italsoft-image\" src=\"https&colon;&sol;&sol;sportellounicoservizi&period;it&sol;ceccano&sol;sue&sol;wp-content&sol;plugins&sol;itaFrontOffice&sol;public&sol;images&sol;icons&sol;file-pdf&period;png\" style=\"width&colon; 24px&semi; height&colon; 24px&semi;\"\/><br\/><span>Allegato<\/span><\/a><a class=\"italsoft-treeview-button\" href=\"https&colon;&sol;&sol;sportellounicoservizi&period;it&sol;ceccano&sol;sue&sol;&quest;page&lowbar;id&equals;35&amp;event&equals;openBlock&amp;procedi&equals;700011&amp;subproc&equals;000006&amp;subprocid&equals;1578&amp;settore&equals;18&amp;attivita&equals;303\" title=\"Compilazione procedimento online\"><img class=\"italsoft-image\" src=\"https&colon;&sol;&sol;sportellounicoservizi&period;it&sol;ceccano&sol;sue&sol;wp-content&sol;plugins&sol;itaFrontOffice&sol;public&sol;images&sol;icons&sol;notepad&period;png\" style=\"width&colon; 24px&semi; height&colon; 24px&semi;\"\/><br\/><span>Compila<\/span><\/a><\/span><\/div><\/li><\/ul><\/li><li class=\"italsoft-treeview-item\"><div><div class=\"italsoft-treeview-text italsoft-treeview-text--selectable\" style=\"padding-right&colon; 5em&semi;\">PAI<\/div><span class=\"italsoft-treeview-button-group\"><span class=\"italsoft-treeview-button italsoft-treeview-button--expand\"><\/span><\/span><\/div><ul style=\"display&colon; none&semi;\"><li class=\"italsoft-treeview-item\"><div><a href=\"https&colon;&sol;&sol;sportellounicoservizi&period;it&sol;ceccano&sol;sue&sol;&quest;page&lowbar;id&equals;41&amp;procedi&equals;450138&amp;subproc&equals;000006&amp;subprocid&equals;1570&amp;rnd&equals;\" class=\"italsoft-treeview-text italsoft-treeview-text--selectable\" style=\"padding-right&colon; 9em&semi;\">RICHIESTA DI NULLA OSTA PER OPERE IN ZONA GRAVATA DA VINCOLO IDROGEOLOGICO (ai sensi della D.G.R.Lazio 27 ottobre 2022, n. 920).<\/a><span class=\"italsoft-treeview-button-group\"><a class=\"italsoft-treeview-button\" href=\"https&colon;&sol;&sol;sportellounicoservizi&period;it&sol;ceccano&sol;sue&sol;&quest;page&lowbar;id&equals;681&amp;event&equals;vediAllegato&amp;procedi&equals;450138&amp;allegato&equals;mSCxsTttcmz9h557Q-SRdDoN&lowbar;xJ6mKmiy-OhqKD05WqcXwUMPNi5O0RNRYEoCYjzk0ggQog&lowbar;nfpY1HXhRE5jPg&amp;sportello&equals;8\" title=\"Vedi allegato\" target=\"&lowbar;blank\"><img class=\"italsoft-image\" src=\"https&colon;&sol;&sol;sportellounicoservizi&period;it&sol;ceccano&sol;sue&sol;wp-content&sol;plugins&sol;itaFrontOffice&sol;public&sol;images&sol;icons&sol;file-pdf&period;png\" style=\"width&colon; 24px&semi; height&colon; 24px&semi;\"\/><br\/><span>Allegato<\/span><\/a><a class=\"italsoft-treeview-button\" href=\"https&colon;&sol;&sol;sportellounicoservizi&period;it&sol;ceccano&sol;sue&sol;&quest;page&lowbar;id&equals;35&amp;event&equals;openBlock&amp;procedi&equals;450138&amp;subproc&equals;000006&amp;subprocid&equals;1570&amp;settore&equals;18&amp;attivita&equals;302\" title=\"Compilazione procedimento online\"><img class=\"italsoft-image\" src=\"https&colon;&sol;&sol;sportellounicoservizi&period;it&sol;ceccano&sol;sue&sol;wp-content&sol;plugins&sol;itaFrontOffice&sol;public&sol;images&sol;icons&sol;notepad&period;png\" style=\"width&colon; 24px&semi; height&colon; 24px&semi;\"\/><br\/><span>Compila<\/span><\/a><\/span><\/div><\/li><\/ul><\/li><\/ul><\/li><\/ul>\n<br \/>\n<div style=\"float: left; font-size: 1.2em;\"><b>Totale procedimenti: 2<\/b><\/div>\n<\/div>\n<\/div>\n<p>&nbsp;<\/p>\n<p>&nbsp;<\/p>\n<hr \/>\n<blockquote><p><strong>NUOVA MODALITA\u2019 DI GESTIONE DELL\u2019ISTANZA \u2013 CREAZIONE GRUPPO DI LAVORO, CAMBIO ESIBENTE\/TECNICO PROGETTISTA E CONDIVISIONE ISTANZA CON ALTRI TECNICI.<\/strong><\/p><\/blockquote>\n<p>Nel Portale Front Office SUE e SUAP sono state implementate due importanti funzionalit\u00e0 che di seguito sintetizziamo, per maggiori informazioni vedi la sezione \u201c<a href=\"https:\/\/wiki.nuvolaitalsoft.it\/doku.php?id=guide:suapsue:front_office\">Linee Guida<\/a>\u201c.<\/p>\n<ul>\n<li><strong>CREAZIONE GRUPPO DI LAVORO:<\/strong>\n<ul>\n<li>L\u2019utente (Esibente o Dichiarante) pu\u00f2 creare un gruppo di lavoro con altri utenti o professionisti che potranno in base al livello di autorizzazione concesso, operare in tutto o in parte o solo visualizzare l\u2019istanza in compilazione. Per\u00a0 creare il Gruppo vai in \u201cProfilo Utente\u201d e seleziona \u201cCrea Gruppo\u201d, poi segui le istruzioni (necessita avere il Codice Fiscale del Professionista o altro soggetto che si vuole accreditare alla possibilit\u00e0 di visualizzazione e\/o modifica della pratica).<\/li>\n<\/ul>\n<\/li>\n<li><strong>CONDIVISIONE ISTANZA:<\/strong>\n<ul>\n<li>Il Tecnico e\/o Esibente che ha creato un istanza pu\u00f2 condividerla con altri utenti, professionisti o aventi titolo che potranno in base al livello di autorizzazione concesso, operare in tutto o in parte o solo visualizzare l\u2019istanza in compilazione. Per Condividere una istanza vai nella sezione \u201cGESTIONE DOMANDE\u201d\u00a0 e in corrispondenza dell\u2019istanza desiderata, premi il pulsante \u201cCONDIVIDI\u201d, poi segui le istruzioni.<\/li>\n<li>NOTA BENE : di base, la pratica sar\u00e0 comunque condivisa in automatico dal Sistema con il soggetto \u201cDichiarante\u201d presente nell\u2019istanza in base al codice fiscale immesso nella stessa. Se il Dichiarante entra nel portale con il suo SPID potr\u00e0 consultare tutte le istanze di cui risulta \u201cDichiarante\u201d ovvero quelle in cui \u00e8 presente il proprio codice Fiscale e potr\u00e0 anche effettuare in autonomia il\u00a0 <strong>Cambio del \u201cTecnico Esibente\u201d<\/strong>, seguendo le istruzioni del Sistema.<\/li>\n<\/ul>\n<\/li>\n<\/ul>\n<hr \/>\n<p>Per semplificare al massimo la predisposizione della domanda si sono individuati i relativi oggetti dei possibili procedimenti ovvero richieste.\u00a0L\u2019interessato deve quindi prima scegliere l\u2019oggetto della richiesta da presentare fra i procedimenti proposti, per poter proseguire nella procedura. Scelto il modulo di domanda che interessa, si pu\u00f2 cliccare o sul titolo del documento per aprire la scheda informativa. Cliccando sull\u2019icona che rappresenta il simbolo di Acrobat Reader si apre il documento utilizzato dalla procedura online senza per\u00f2 poterlo compilare. Mentre la seconda icona si accede direttamente alla compilazione on-line.<br \/>\nDurante la compilazione della domanda e dei suoi allegati, sono evidenziati tutti i passi in cui si articola l\u2019iter del procedimento individuato; essi sono di\u00a0<strong>colore rosso<\/strong>, qualora trattasi di un passo da compilare obbligatoriamente;\u00a0<strong>arancione<\/strong>, se trattasi di un passo facoltativo e\u00a0<strong>verde<\/strong>\u00a0quando tale passo risulta completato e pronto per l\u2019inserimento nella procedura e successivamente nel suo invio telematico.<\/p>\n<p>Si raccomanda al\u00a0<strong>soggetto intermediario<\/strong>\u00a0che\u00a0<strong>opera per conto di un suo assistito di compilare<\/strong>, all\u2019 interno dei modelli ove richiesto, le sezioni relative ai\u00a0<strong>\u201cDATI DEL PROCURATORE\/DELEGATO\u201d<\/strong>, in modo da accendere il passo di download del modello della procura speciale, da allegare alla richiesta.<\/p>\n<div><strong>NOTA BENE :\u00a0<u>Il procedimento sar\u00e0 da considerarsi avviato solo al ricevimento della PEC di conferma all\u2019indirizzo di posta\u00a0<\/u><\/strong><strong><u>elettronica certificata dell\u2019utente.<\/u><\/strong><\/div>\n<div>Nel caso in cui l\u2019utente non ricever\u00e0 email di conferma il procedimento \u00e8 da considerarsi non avviato e pertanto dovr\u00e0 contattare il servizio di assistenza (vedi pagina <a href=\"https:\/\/www.sportellounicoservizi.com\/help-desk\">Help-Desk<\/a>).<\/div>\n<div>\n<div><\/div>\n<\/div>\n","protected":false},"excerpt":{"rendered":"<p>&nbsp; &nbsp; NUOVA MODALITA\u2019 DI GESTIONE DELL\u2019ISTANZA \u2013 CREAZIONE GRUPPO DI LAVORO, CAMBIO ESIBENTE\/TECNICO PROGETTISTA E CONDIVISIONE ISTANZA CON ALTRI TECNICI. Nel Portale Front Office SUE e SUAP sono state implementate due importanti funzionalit\u00e0 che di seguito sintetizziamo, per maggiori informazioni vedi la sezione \u201cLinee Guida\u201c. CREAZIONE GRUPPO DI LAVORO: L\u2019utente (Esibente o Dichiarante) pu\u00f2 [&hellip;]<\/p>\n","protected":false},"author":1,"featured_media":0,"parent":0,"menu_order":0,"comment_status":"closed","ping_status":"closed","template":"","meta":[],"_links":{"self":[{"href":"https:\/\/sportellounicoservizi.it\/ceccano\/sue\/index.php?rest_route=\/wp\/v2\/pages\/681"}],"collection":[{"href":"https:\/\/sportellounicoservizi.it\/ceccano\/sue\/index.php?rest_route=\/wp\/v2\/pages"}],"about":[{"href":"https:\/\/sportellounicoservizi.it\/ceccano\/sue\/index.php?rest_route=\/wp\/v2\/types\/page"}],"author":[{"embeddable":true,"href":"https:\/\/sportellounicoservizi.it\/ceccano\/sue\/index.php?rest_route=\/wp\/v2\/users\/1"}],"replies":[{"embeddable":true,"href":"https:\/\/sportellounicoservizi.it\/ceccano\/sue\/index.php?rest_route=%2Fwp%2Fv2%2Fcomments&post=681"}],"version-history":[{"count":3,"href":"https:\/\/sportellounicoservizi.it\/ceccano\/sue\/index.php?rest_route=\/wp\/v2\/pages\/681\/revisions"}],"predecessor-version":[{"id":686,"href":"https:\/\/sportellounicoservizi.it\/ceccano\/sue\/index.php?rest_route=\/wp\/v2\/pages\/681\/revisions\/686"}],"wp:attachment":[{"href":"https:\/\/sportellounicoservizi.it\/ceccano\/sue\/index.php?rest_route=%2Fwp%2Fv2%2Fmedia&parent=681"}],"curies":[{"name":"wp","href":"https:\/\/api.w.org\/{rel}","templated":true}]}}